 z be f(0). Let k = z + -97. List the prime factors of k.
53
Let s = 75 + -5. List the prime factors of s.
2, 5, 7
Let t(l) be the first derivative of 8*l**3/3 + 5*l**2/2 - 6*l - 23. What are the prime factors of t(3)?
3
Let q(s) = 527*s - 137. List the prime factors of q(2).
7, 131
Let s be -1*(-6)/(-21)*-14. Suppose 4*v = 2*w - s*w - 50, -3*w + 2*v = 67. Let r = w + 26. What are the prime factors of r?
3
Let k = 2781 + -456. What are the prime factors of k?
3, 5, 31
Let t be 31 - (-4)/((-16)/(-4)). Let w(o) = -18*o - 17*o + t*o - 6. List the prime factors of w(-7).
3, 5
Suppose 0 = 2*y - j - 3179, 0 = 11*y - 15*y + 5*j + 6367. List the prime factors of y.
2, 397
Let f = 61 + -18. Let t be 20/3 + 1/3. Suppose -2*y - t + f = 0. What are the prime factors of y?
2, 3
Suppose g - 133 - 69 = 0. List the prime factors of g.
2, 101
What are the prime factors of (-3)/4 - (-35265)/60?
587
Suppose 3718 = 5*p - 4*w - 170, p - 766 = -5*w. List the prime factors of p.
2, 97
Let v = -17 + 22. Suppose v*o - 316 - 59 = 0. What are the prime factors of o?
3, 5
Let b(x) = 2*x + 112. What are the prime factors of b(18)?
2, 37
Let y(r) = 634*r + 66. What are the prime factors of y(4)?
2, 1301
Let f(j) = -j**3 + 12*j**2 + 6*j + 24. Let r be f(13). Let h = 97 + r. Let b = h + -8. List the prime factors of b.
2, 11
What are the prime factors of 9/12*(700 + (-24)/3)?
3, 173
Let i(k) = -k**3 + k**2. Let h(c) be the first derivative of 5*c**4/4 - 2*c**3/3 + 8*c + 3. Let x(b) = -h(b) - 4*i(b). List the prime factors of x(-4).
2, 3
List the prime factors of (-1)/((4/(-766))/(120/20)).
3, 383
Let i(d) = d. Let c(l) = l**3 + 7*l**2 + 6*l + 5. Let a be c(-6). Let r be i(a). Suppose 10*m - r*m - 150 = 0. What are the prime factors of m?
2, 3, 5
Let n = 41 - -349. Suppose -12*f = -9*f - n. List the prime factors of f.
2, 5, 13
Let d = 6 - -559. List the prime factors of d.
5, 113
What are the prime factors of (-10 - 88716/(-42)) + (-2)/7?
2, 1051
Let b(r) = 39*r**3 + 2*r**2 - 3*r - 9. List the prime factors of b(4).
23, 109
Suppose -3*h - 5163 = -5*c, 0 = -4*c + 16*h - 13*h + 4128. List the prime factors of c.
3, 5, 23
Suppose 2*u + 0 = 10. Suppose 0*x - 80 = -2*r - u*x, 0 = 3*r - x - 120. List the prime factors of r.
2, 5
Let n = 35 - 10. Suppose n = -4*b + 93. Suppose 5*o - 18 = b. What are the prime factors of o?
7
Let c = 174 - 80. Suppose -c = -3*p + 101. What are the prime factors of p?
5, 13
Let j = 25 - 25. Let d = j + 40. List the prime factors of d.
2, 5
Suppose 12*z - 13*z + 121 = 0. Let a = z + -65. What are the prime factors of a?
2, 7
Let x(t) = -242*t + 1312. List the prime factors of x(-9).
2, 5, 349
Let u(n) = 5*n**3 + 9*n**2 - 19*n - 4. What are the prime factors of u(4)?
2, 3
Suppose n - 60 = 6*n. List the prime factors of (-12)/(-16) + (-279)/n.
2, 3
Suppose 6*i - 18*i + 48 = 0. Suppose p = y - 72, -i*p + 0*p = -2*y + 138. List the prime factors of y.
3, 5
What are the prime factors of 25182/45 - 5/(25/(-2))?
2, 5, 7
Suppose 0 = o - 3*o + 380. Suppose 5*j = 3*i + o, -2*i = 3*j + i - 90. What are the prime factors of j?
5, 7
Let w be -2*(-12)/16*42. List the prime factors of 2/7 + 1872/w.
2, 3, 5
Let i = -30 + 4. Let d = 37 + i. Suppose -5*r + r - 5*o + 47 = 0, o - d = -r. List the prime factors of r.
2
Suppose 0 = 8*t - 2340 - 700. What are the prime factors of t?
2, 5, 19
Suppose 1 + 7 = 4*d. Suppose -2*n + d*i = -56, -4*n + 140 = -2*i + 5*i. What are the prime factors of n?
2
Let q(v) be the second derivative of v**4/12 + 3*v**3/2 - 4*v**2 + 8*v. Let l be q(-10). Suppose l*y - 5*y = -120. What are the prime factors of y?
2, 5
Let h(n) = n**3 - 11*n**2 + 3*n - 4. Let l be h(11). Suppose -5 = -u + l. List the prime factors of u.
2, 17
Suppose -2*j = -2*x + 104, 42 = x + j + 3*j. Suppose -5*s - 3*a + 55 = -x, 5*s - 5*a - 65 = 0. List the prime factors of s.
2, 3
Suppose 0 = -4*a - 21 + 1. What are the prime factors of 144/(-3)*(a + 4)?
2, 3
Suppose 0 = 4*g - 2*l - 6, 2*g - 7*l + 2*l - 15 = 0. Let k(r) = 2*r**2 - 2*r + 224. List the prime factors of k(g).
2, 7
Let t(k) = -514*k + 3*k**2 + 19 + 514*k. What are the prime factors of t(-8)?
211
Let b = -11405 + 16392. What are the prime factors of b?
4987
Let n be 3/(-2)*(-1 + 3) - -8. Suppose n*j - 77 = 4*j. List the prime factors of j.
7, 11
Let k(x) = 147*x**2 + 7*x - 1. Let f be k(3). Suppose -f = -10*q + 297. What are the prime factors of q?
2, 41
Let v(l) = -2*l - 22. Let r be v(-11). Suppose r = i - 19 + 17. Suppose -5*g + 3*t + 197 = 0, i*t = -2*g + 64 + 18. What are the prime factors of g?
2, 5
Suppose 0 = 5*q + 2*z + 462 + 68, 0 = 4*q + 4*z + 412. List the prime factors of (q/30)/9 + (-2134)/(-10).
3, 71
Let u(r) be the third derivative of r**4/6 - r**3/3 + 13*r**2. Let b be u(2). What are the prime factors of (-52)/b*(10 + -13)?
2, 13
Let x be 21/(-14)*(-1 - 0 - 1). Suppose 225 - 41 = 3*a + 4*n, 219 = x*a - 3*n. List the prime factors of a.
2, 17
Let u be (0 + 1110/9)*(-18)/(-12). Suppose -3*o = -5*g - u, 4*o - 3*g - 138 = 105. List the prime factors of o.
2, 3, 5
Let u = 603 - 173. List the prime factors of u.
2, 5, 43
Let z(o) = -o**2 + 11*o - 19. Let c be z(8). Suppose c*j - 48 = 47. What are the prime factors of j?
19
Let n(s) = -36*s. Let o be n(1). Let t be o/(-15) - (-4)/(-10). Suppose 23 = a + 3*y, 2*a - t*y = 4*a - 46. List the prime factors of a.
23
What are the prime factors of 18 + -26 + (283 - -1)?
2, 3, 23
Let j(f) = 55*f + 74. What are the prime factors of j(20)?
2, 587
Let a(x) = 14*x + 4. Let d = -7 + 11. List the prime factors of a(d).
2, 3, 5
Let w be 2 + 0 + (0 - 0) + -2. Suppose -z + 2*k + 71 + 52 = w, 3 = 3*k. List the prime factors of z.
5
Let y(d) = -230*d - 124. What are the prime factors of y(-7)?
2, 743
What are the prime factors of 38/(-10) + 3 - (-3828)/10?
2, 191
Let w(g) = -g**2 + 4*g + 4. Let r be w(4). Let l be 6/9 - r/6. Suppose l = -t - 2*t + 30. What are the prime factors of t?
2, 5
Suppose 4*o + 111 - 739 = -4*j, -463 = -3*j - 5*o. List the prime factors of j.
7, 23
Let g(p) = -6*p**3 + 2*p**2 + 4*p + 3. Let d be (3 - 3/2)/(18/(-24)). List the prime factors of g(d).
3, 17
Let l(o) = 0*o**2 - 2*o**2 + 2*o**2 - 12*o + o**2 + 2. Suppose 4*z - 32 = -2*h, z - 25 - 25 = -4*h. What are the prime factors of l(h)?
2
Let b be (-9)/6*10 - 3. Let n = -16 - b. Suppose -d - 6 + 22 = 4*g, -2*d - n*g = -50. What are the prime factors of d?
2, 7
Suppose 10*z = 5*z + 20. Let l(n) = n**3 - 4*n**2 + 5*n - 3. Let g be l(z). Suppose 0 = -5*t - 15, t - g = -9*h + 4*h. What are the prime factors of h?
2
Suppose 27*k = -4*i + 28*k + 5703, 5*i + 3*k - 7116 = 0. List the prime factors of i.
3, 5, 19
Suppose -4*n - 19 = -z + 10, 2*n - 5*z + 37 = 0. Let r = n - -8. Let i(g) = g**3 - g**2 + 2*g + 1. What are the prime factors of i(r)?
3
Let d = 18 + -11. Let s be 18/(-2)*(4 - 7). Suppose 8*h - s = d*h. List the prime factors of h.
3
Suppose -4*h - 154 = 2*d, -h + 86 = -2*d - 43. Let n = -7 - d. List the prime factors of n.
2, 3, 5
Let t(i) = -24*i. Let m(f) = f - 1. Let b(n) = 2*m(n) - t(n). What are the prime factors of b(2)?
2, 5
Suppose -2*y + 3*n = -2344, -4*n = 22*y - 18*y - 4648. What are the prime factors of y?
2, 11, 53
Let c = -9 - 6. What are the prime factors of (-300)/9*24*3/c?
2, 5
Let n = 298 + -200. Let k = 57 - n. Let p = -24 - k. What are the prime factors of p?
17
Let z = 0 - -2. Let c(p) = -14*p - 4 - 1 + 4 + 2*p**z - 3*p**2. List the prime factors of c(-13).
2, 3
Let o(q) = 5*q + 31. Let t be o(0). Let l = t + 18. What are the prime factors of l?
7
Suppose 4*r + 432 = -d + 3*d, 0 = r. Suppose 6*h - 9*h = -d. List the prime factors of h.
2, 3
Suppose 0 = -r - u + 15, 4*u = -r + 13 + 8. Let t(a) = -a**2 + 13*a - 1. Let v be t(r). List the prime factors of 41 - (2 + (v - -3)).
37
Let i(y) = 9*y**2 + 3*y + 10 - 4*y**2 + y**2 + 9*y. List the prime factors of i(-4).
2, 29
Let g = -15 + 17. Suppose 4*n - 36 = -g*m + m, -4*m - 24 = -5*n. What are the prime factors of n/(-12) + (-124)/(-6)?
2, 5
Suppose 0*r + r = 320. Suppose -4*f - o - 3*o + r = 0, -3*f - 2*o = -237. List the prime factors of f.
7, 11
Let c = 1008 - 516. Suppose 42*m - 38*m = c. List the prime factors of m.
3, 41
Let g be 0/(-1 - 1) + 5. Suppose 267 + 268 = g*t. What are the prime factors of t?
107
Let u(l) = 